 1953 = 0. What is the greatest common divisor of y and 39?
39
Let w be 16/6 - ((-450)/(-54))/(-25). Calculate the greatest common factor of 380 and w.
1
Let h be 6/(-33) + 369/33. Let f = 10222 - 10013. What is the greatest common divisor of h and f?
11
Suppose -127*p + 53*p = -1924. Let w = -41 - -77. Let j = w - p. What is the greatest common divisor of j and 80?
10
Let q be 17 + (-1 - 2) + (-60)/10 - -553. Calculate the highest common factor of q and 231.
33
Let t be (-32 - 0)*51794/(-232). Calculate the highest common factor of 456 and t.
152
Let p = -23996 - -24182. Calculate the highest common factor of 35154 and p.
186
Let v be 6 + -2 + 112/(-10)*-5. What is the greatest common factor of 1740 and v?
60
Let h(u) = -266*u + 415. Let x(b) = -53*b + 83. Let i(z) = 2*h(z) - 11*x(z). Let o be i(5). Calculate the greatest common factor of o and 43.
43
Let h be (54/(-24))/((-55)/40 + 1). Let x be -1*(-645 + 5 - h). What is the greatest common factor of x and 34?
34
Suppose -5*l - 3*g = -11, -2*l + g + 4 + 7 = 0. Let p be l + 0 - (-131 + 5 + -6). What is the highest common factor of 17 and p?
17
Let o be ((-16)/22)/(-4) - (11907/693 + -32). Suppose -4*z + 5*a + 55 = 0, 0*z - 3*z - 5*a + 85 = 0. What is the highest common factor of z and o?
5
Let a be -10*(-2)/1*4. Suppose a + 85 = -3*z. Let u = -35 - z. Calculate the greatest common factor of 5 and u.
5
Let r = -1399 - -5507. What is the greatest common divisor of 468 and r?
52
Suppose r + j - 12 = 0, 4*r + j - 3 = 6*j. Suppose r + 14 = 7*h. Let x be 192/3 + 3 + h. Calculate the greatest common factor of x and 10.
10
Suppose 0 = 3*r + 5 - 11, -c - 5*r + 458 = 0. Calculate the greatest common divisor of c and 20.
4
Let u be 57/38*44/(-6). Let r = 14 + u. Suppose -s = r*s - 540. Calculate the highest common factor of s and 27.
27
Suppose -4*a = 17*a - 189. Suppose -a*r + 8*r - 382 = -3*f, 256 = 2*f - r. Calculate the highest common factor of 42 and f.
42
Let p be ((-1)/2)/((-4)/680). Let y be (1 - 3)/((18/(-306))/(1/2)). What is the greatest common factor of y and p?
17
Suppose 13*x + 3159 = 13195. Let h be (1014/(-3) - 4) + 1*-1. Let p = h + x. Calculate the greatest common divisor of p and 39.
39
Let g = 179 + -172. Suppose -4*k + 3*z = -126, 56 = -5*k + g*k - 5*z. Calculate the greatest common divisor of 33 and k.
33
Suppose -129*b + 2655 = -84*b. Calculate the highest common factor of b and 12449.
59
Suppose 0 = -6*y + 63 - 207. Let i be (1/(1/(-6)))/(2/y). Suppose 0 = 3*g + 5*n - i, g + 3*g - n = 96. What is the highest common divisor of g and 120?
24
Let m(c) = 22*c - 61. Suppose -6 = -12*f + 42. Let j be m(f). What is the greatest common divisor of j and 72?
9
Let z be ((-416)/(-4))/(9464/(-252) - -38). Let d(n) = -8*n + 4. Let q be d(-6). Calculate the highest common divisor of q and z.
26
Let k = -152 + 140. Let a(p) = -9*p - 67. Let m be a(k). What is the highest common divisor of 164 and m?
41
Let f = -4585 + 4600. Let i = -95 + 150. What is the greatest common divisor of f and i?
5
Suppose -15*b + 3841 = 3616. What is the highest common factor of b and 1720?
5
Let y(t) = -2*t**2 + 50*t + 180. Let q be y(28). Let p be 38 + (6 - q/6) + -2. What is the greatest common divisor of p and 44?
4
Suppose 4*u - 3213 - 776 = 5*o, 4*u - 4016 = -4*o. Calculate the greatest common factor of u and 351.
13
Let h = 496 - -252. Let x = h - 345. What is the highest common divisor of 13 and x?
13
Suppose 0 = 4*g - 0*g + 4*d - 3568, 0 = 5*g - 5*d - 4440. Suppose -36 = 887*i - g*i. What is the highest common factor of 12 and i?
12
Let h(z) = z**3 - 107*z**2 + 511*z + 404. Let i be h(102). What is the highest common divisor of i and 550?
22
Let x be 8/3 + 4/(-6). Let q(a) = -a**3 - 2*a**2 + 2*a - 2. Let d = 50 - 54. Let g be q(d). What is the highest common divisor of x and g?
2
Suppose 9*k - 662 + 1171 = 635. What is the highest common divisor of k and 566?
2
Let m = -66 + 82. Suppose 3*r = 12 - 9. Let l be 4/((5 - 4) + r). Calculate the highest common divisor of l and m.
2
Let i be 24/(-16)*(0 + 58). Let s = -63 - i. What is the highest common factor of s and 312?
24
Let a(b) = -23*b - 16. Suppose -4*v = 0, -6*y + 4*y - 30 = -3*v. Let j be a(y). What is the greatest common factor of j and 47?
47
Let v = 73 - 59. Let f(s) = 9 + 3*s - v + 7. Let r be f(1). What is the highest common factor of 55 and r?
5
Suppose 85*t - 11236 = -4*t - 123*t. What is the greatest common divisor of 5 and t?
1
Suppose -3 + 12 = 2*f + 3*x, x + 13 = 2*f. Let s = 192 - 170. Let p be s/(-44)*(-1 + -11). Calculate the highest common factor of p and f.
6
Suppose 30*m = 83*m - 2544. Let k(a) = 4*a**2 + 3*a + 3. Let z be k(3). What is the greatest common divisor of m and z?
48
Let k be 52 - (2 - 6 - -3). Let l = k + -16. What is the greatest common divisor of 333 and l?
37
Let r(i) = -9*i**2 + 207*i - 24. Let a be r(22). What is the greatest common factor of 609 and a?
87
Let l = -5428 - -6187. What is the greatest common factor of l and 9?
3
Suppose 0 = -150*b + 153*b - 852. Let p = b + -226. Calculate the greatest common divisor of 261 and p.
29
Let u(w) = w**3 - 19*w**2 + 4*w + 21. Let o be u(19). Let c = -69 + o. Let p be 209/4 + (-35)/c. What is the highest common divisor of 17 and p?
17
Let i(s) = 16*s + 666. Let g be i(-41). Calculate the highest common factor of 24160 and g.
10
Let n = -29 - -350. Suppose 0 = -3*h - 15 + n. Calculate the highest common divisor of h and 17.
17
Suppose -4*x - 30 + 46 = 0, 883 = 5*o + 2*x. Suppose -2*d + 0 = 4. Let c(u) = 9*u**2 - 1. Let a be c(d). What is the greatest common factor of o and a?
35
Let u = -15 + 18. Let a(p) = 0 + 4*p**2 - 10 - 6*p**2 - p + u*p**2. Let b be a(-7). Calculate the greatest common factor of b and 368.
46
Let z(s) be the first derivative of -63*s**2/2 + 62*s - 237. Let r be z(-5). What is the highest common factor of r and 13?
13
Let s = 9558 - 9542. What is the highest common divisor of s and 7576?
8
Let s be 1719176/5372 + 6/(-237). Calculate the greatest common factor of 40 and s.
40
Suppose 19*n + 3986 = 15101. Suppose -5*p = -z - 229, -106 = -2*p + 6*z - 2*z. What is the greatest common factor of n and p?
45
Let v(i) = 76*i**2 + 551*i - 27. Let x be v(-8). What is the highest common factor of x and 624?
39
Let u(h) = 67*h - 25. Let v be u(3). Suppose -16 = 10*z - v. Calculate the highest common divisor of z and 80.
16
Let p be ((-1)/(-5))/1 - (-104)/(-20). Let n be -1*(-5 - -60)/p. What is the highest common factor of n and 11?
11
Let j(r) = -218*r**3 - r**2 - r - 1. Let m be j(-1). Suppose 4*n = 3*l - 538 + 747, -3*l = -5*n + 271. Calculate the greatest common factor of m and n.
31
Let j be 1*28/(-7) - -25. What is the greatest common factor of 1113 and j?
21
Let a(l) = 685*l + 1618. Let h be a(-2). What is the highest common factor of h and 24?
8
Let b(a) = -a**3 + 94. Suppose 0 = -45*k + 52*k - 63. Suppose 9 = 4*n + k. Let y be b(n). What is the highest common factor of 47 and y?
47
Let o(q) = q**2 - 6*q - 16. Let v be 122/(-18) - (-1)/(36/(-8)). Let c be o(v). What is the greatest common factor of c and 25?
25
Let u be 6/33 + 150308/583. Calculate the highest common divisor of u and 16641.
129
Let u(h) = -h**3 + h**2 + 6*h + 8. Let j be u(-2). Let k = -17 + 26. Let s be 128*((-9)/(-2))/k. What is the greatest common divisor of j and s?
8
Let a(s) = 40*s**2 - 23*s + 30. Let p be a(2). Calculate the highest common divisor of 2034 and p.
18
Suppose 5*z + 5*u = 1230, -7*u + 2*u = z - 230. Let b = z + 244. Let k = -98 + b. What is the greatest common factor of 36 and k?
36
Let o = -325 + 328. Let c be ((-2)/3)/((o/(-3))/585). Calculate the greatest common divisor of c and 78.
78
Suppose 5*r - 4*r - 7 = 0. Let x(j) = -j**3 + 52*j**2 - 182*j - 105. Let v be x(48). Suppose -v = r*k - 1187. What is the highest common divisor of 29 and k?
29
Suppose -3*l + l + 162 = 0. Suppose -5214 = -32*i + 2018. Suppose 8*s + 154 - i = 0. Calculate the highest common divisor of l and s.
9
Let t(z) = -184*z + 1398. Let g be t(7). Calculate the highest common divisor of 45 and g.
5
Suppose r - 82 - 95 = -j, -3*r = 5*j - 523. Calculate the greatest common factor of r and 2.
1
Suppose 3 = -4*r + 5*r. Suppose -4*g + 1865 = r*v, -g - 3*v + 465 = -2*v. Calculate the greatest common fact